{"id":3026,"date":"2017-10-06T11:00:12","date_gmt":"2017-10-06T11:00:12","guid":{"rendered":"http:\/\/www.missespolifoniques.com\/index.php\/temporada-2013-2014\/"},"modified":"2022-10-12T23:47:53","modified_gmt":"2022-10-12T23:47:53","slug":"temporada-2013-2014","status":"publish","type":"page","link":"http:\/\/www.missespolifoniques.com\/index.php\/temporada-2013-2014\/?lang=es","title":{"rendered":"TEMPORADA 2020-2021"},"content":{"rendered":"<section  class=\"content-section full-width with-col cover custom-padding no-margin    content-section-69f263b12ddfb\"><div class=\"row vc_row-fluid\"><div class=\"wpb_column col-md-12\"><div class=\"section-text text-block \" ><p>Domingo, 18 de octubre de 2020 a las 19.00h<\/p>\n<p>Bas\u00edlica de Sant Just<\/p>\n<p><strong>Misa Pro Defunctis de Joan Cererols (1618-1680)<\/strong><\/p>\n<p>Josep Borr\u00e0s, fagot &#8211; David Malet, \u00f3rgano<\/p>\n<p>(en memoria de las v\u00edctimas por la covid-19)<\/p>\n<p>&nbsp;<\/p>\n<p>Domingo, 13 de diciembre de 2020 a las 19.00h<\/p>\n<p>Bas\u00edlica de Sant Just<\/p>\n<p>OFICIO DE NAVIDAD<\/p>\n<p><strong>Fragmentos de &#8220;Messiah&#8221; de G.F.H\u00e4ndel (1685 -1759)<\/strong><\/p>\n<p><em>Con la colaboraci\u00f3n de la Orquestra Barroca Catalana<\/em><\/p>\n<p>&nbsp;<\/p>\n<p>Domingo, 21 de febrero de 2021 a las 19.00h<\/p>\n<p>Bas\u00edlica de Sant Just<\/p>\n<p><strong>Misa para doble coro de Frank Martin (1890 &#8211; 1974)<\/strong><\/p>\n<p>&nbsp;<\/p>\n<p>Domingo 28 de marzo de 2021 a las 19.00h<\/p>\n<p>Bas\u00edlica de Sant Just<\/p>\n<p>OFICIO DE SEMANA SANTA<\/p>\n<p><strong>Liturgia de la Pasi\u00f3n, con la Pasi\u00f3n (autor a determinar) y Lamentaciones de Jerem\u00edas de Alonso Lobo (1555-1617)<\/strong><\/p>\n<p>Domingo, 30 de mayo de 2021 a las 12.00h<\/p>\n<p>Monestir de Pedralbes<\/p>\n<p><strong>\u00abMISSA BREVIS\u00bb de Leonard Bernstein (1918-1990)<\/strong><\/p>\n<\/div><\/div><\/div><\/section>\n","protected":false},"excerpt":{"rendered":"Domingo, 18 de octubre de 2020 a las 19.00h Bas\u00edlica de Sant Just Misa Pro Defunctis de Joan Cererols (1618-1680) Josep Borr\u00e0s, fagot - David Malet, \u00f3rgano (en memoria de las v\u00edctimas por la covid-19) &nbsp; Domingo, 13 de diciembre de 2020 a las 19.00h Bas\u00edlica de Sant Just OFICIO DE NAVIDAD Fragmentos de \"Messiah\"","protected":false},"author":1,"featured_media":0,"parent":0,"menu_order":0,"comment_status":"closed","ping_status":"closed","template":"","meta":{"_acf_changed":false,"_monsterinsights_skip_tracking":false,"_monsterinsights_sitenote_active":false,"_monsterinsights_sitenote_note":"","_monsterinsights_sitenote_category":0,"footnotes":""},"acf":[],"yoast_head":"<!-- This site is optimized with the Yoast SEO plugin v22.6 - https:\/\/yoast.com\/wordpress\/plugins\/seo\/ -->\n<title>TEMPORADA 2020-2021 - Missespolifoniques<\/title>\n<meta name=\"robots\" content=\"index, follow, max-snippet:-1, max-image-preview:large, max-video-preview:-1\" \/>\n<link rel=\"canonical\" href=\"http:\/\/www.missespolifoniques.com\/index.php\/temporada-2013-2014\/?lang=es\" \/>\n<meta property=\"og:locale\" content=\"ca_ES\" \/>\n<meta property=\"og:type\" content=\"article\" \/>\n<meta property=\"og:title\" content=\"TEMPORADA 2020-2021 - Missespolifoniques\" \/>\n<meta property=\"og:url\" content=\"http:\/\/www.missespolifoniques.com\/index.php\/temporada-2013-2014\/?lang=es\" \/>\n<meta property=\"og:site_name\" content=\"Missespolifoniques\" \/>\n<meta property=\"article:modified_time\" content=\"2022-10-12T23:47:53+00:00\" \/>\n<meta name=\"twitter:card\" content=\"summary_large_image\" \/>\n<meta name=\"twitter:label1\" content=\"Temps estimat de lectura\" \/>\n\t<meta name=\"twitter:data1\" content=\"1 minut\" \/>\n<script type=\"application\/ld+json\" class=\"yoast-schema-graph\">{\"@context\":\"https:\/\/schema.org\",\"@graph\":[{\"@type\":\"WebPage\",\"@id\":\"http:\/\/www.missespolifoniques.com\/index.php\/temporada-2013-2014\/?lang=es\",\"url\":\"http:\/\/www.missespolifoniques.com\/index.php\/temporada-2013-2014\/?lang=es\",\"name\":\"TEMPORADA 2020-2021 - Missespolifoniques\",\"isPartOf\":{\"@id\":\"http:\/\/www.missespolifoniques.com\/#website\"},\"datePublished\":\"2017-10-06T11:00:12+00:00\",\"dateModified\":\"2022-10-12T23:47:53+00:00\",\"breadcrumb\":{\"@id\":\"http:\/\/www.missespolifoniques.com\/index.php\/temporada-2013-2014\/?lang=es#breadcrumb\"},\"inLanguage\":\"ca\",\"potentialAction\":[{\"@type\":\"ReadAction\",\"target\":[\"http:\/\/www.missespolifoniques.com\/index.php\/temporada-2013-2014\/?lang=es\"]}]},{\"@type\":\"BreadcrumbList\",\"@id\":\"http:\/\/www.missespolifoniques.com\/index.php\/temporada-2013-2014\/?lang=es#breadcrumb\",\"itemListElement\":[{\"@type\":\"ListItem\",\"position\":1,\"name\":\"Portada\",\"item\":\"http:\/\/www.missespolifoniques.com\/\"},{\"@type\":\"ListItem\",\"position\":2,\"name\":\"TEMPORADA 2020-2021\"}]},{\"@type\":\"WebSite\",\"@id\":\"http:\/\/www.missespolifoniques.com\/#website\",\"url\":\"http:\/\/www.missespolifoniques.com\/\",\"name\":\"Missespolifoniques\",\"description\":\"MISSES POLIF\u00d2NIQUES\",\"potentialAction\":[{\"@type\":\"SearchAction\",\"target\":{\"@type\":\"EntryPoint\",\"urlTemplate\":\"http:\/\/www.missespolifoniques.com\/?s={search_term_string}\"},\"query-input\":\"required name=search_term_string\"}],\"inLanguage\":\"ca\"}]}<\/script>\n<!-- \/ Yoast SEO plugin. -->","yoast_head_json":{"title":"TEMPORADA 2020-2021 - Missespolifoniques","robots":{"index":"index","follow":"follow","max-snippet":"max-snippet:-1","max-image-preview":"max-image-preview:large","max-video-preview":"max-video-preview:-1"},"canonical":"http:\/\/www.missespolifoniques.com\/index.php\/temporada-2013-2014\/?lang=es","og_locale":"ca_ES","og_type":"article","og_title":"TEMPORADA 2020-2021 - Missespolifoniques","og_url":"http:\/\/www.missespolifoniques.com\/index.php\/temporada-2013-2014\/?lang=es","og_site_name":"Missespolifoniques","article_modified_time":"2022-10-12T23:47:53+00:00","twitter_card":"summary_large_image","twitter_misc":{"Temps estimat de lectura":"1 minut"},"schema":{"@context":"https:\/\/schema.org","@graph":[{"@type":"WebPage","@id":"http:\/\/www.missespolifoniques.com\/index.php\/temporada-2013-2014\/?lang=es","url":"http:\/\/www.missespolifoniques.com\/index.php\/temporada-2013-2014\/?lang=es","name":"TEMPORADA 2020-2021 - Missespolifoniques","isPartOf":{"@id":"http:\/\/www.missespolifoniques.com\/#website"},"datePublished":"2017-10-06T11:00:12+00:00","dateModified":"2022-10-12T23:47:53+00:00","breadcrumb":{"@id":"http:\/\/www.missespolifoniques.com\/index.php\/temporada-2013-2014\/?lang=es#breadcrumb"},"inLanguage":"ca","potentialAction":[{"@type":"ReadAction","target":["http:\/\/www.missespolifoniques.com\/index.php\/temporada-2013-2014\/?lang=es"]}]},{"@type":"BreadcrumbList","@id":"http:\/\/www.missespolifoniques.com\/index.php\/temporada-2013-2014\/?lang=es#breadcrumb","itemListElement":[{"@type":"ListItem","position":1,"name":"Portada","item":"http:\/\/www.missespolifoniques.com\/"},{"@type":"ListItem","position":2,"name":"TEMPORADA 2020-2021"}]},{"@type":"WebSite","@id":"http:\/\/www.missespolifoniques.com\/#website","url":"http:\/\/www.missespolifoniques.com\/","name":"Missespolifoniques","description":"MISSES POLIF\u00d2NIQUES","potentialAction":[{"@type":"SearchAction","target":{"@type":"EntryPoint","urlTemplate":"http:\/\/www.missespolifoniques.com\/?s={search_term_string}"},"query-input":"required name=search_term_string"}],"inLanguage":"ca"}]}},"_links":{"self":[{"href":"http:\/\/www.missespolifoniques.com\/index.php\/wp-json\/wp\/v2\/pages\/3026"}],"collection":[{"href":"http:\/\/www.missespolifoniques.com\/index.php\/wp-json\/wp\/v2\/pages"}],"about":[{"href":"http:\/\/www.missespolifoniques.com\/index.php\/wp-json\/wp\/v2\/types\/page"}],"author":[{"embeddable":true,"href":"http:\/\/www.missespolifoniques.com\/index.php\/wp-json\/wp\/v2\/users\/1"}],"replies":[{"embeddable":true,"href":"http:\/\/www.missespolifoniques.com\/index.php\/wp-json\/wp\/v2\/comments?post=3026"}],"version-history":[{"count":4,"href":"http:\/\/www.missespolifoniques.com\/index.php\/wp-json\/wp\/v2\/pages\/3026\/revisions"}],"predecessor-version":[{"id":3308,"href":"http:\/\/www.missespolifoniques.com\/index.php\/wp-json\/wp\/v2\/pages\/3026\/revisions\/3308"}],"wp:attachment":[{"href":"http:\/\/www.missespolifoniques.com\/index.php\/wp-json\/wp\/v2\/media?parent=3026"}],"curies":[{"name":"wp","href":"https:\/\/api.w.org\/{rel}","templated":true}]}}

<section  class="content-section full-width with-col cover custom-padding no-margin    content-section-69f263b12ddfb"><div class="row vc_row-fluid"><div class="wpb_column col-md-12"><div class="section-text text-block " ><p>Domingo, 18 de octubre de 2020 a las 19.00h</p>
<p>Basílica de Sant Just</p>
<p><strong>Misa Pro Defunctis de Joan Cererols (1618-1680)</strong></p>
<p>Josep Borràs, fagot &#8211; David Malet, órgano</p>
<p>(en memoria de las víctimas por la covid-19)</p>
<p>&nbsp;</p>
<p>Domingo, 13 de diciembre de 2020 a las 19.00h</p>
<p>Basílica de Sant Just</p>
<p>OFICIO DE NAVIDAD</p>
<p><strong>Fragmentos de &#8220;Messiah&#8221; de G.F.Händel (1685 -1759)</strong></p>
<p><em>Con la colaboración de la Orquestra Barroca Catalana</em></p>
<p>&nbsp;</p>
<p>Domingo, 21 de febrero de 2021 a las 19.00h</p>
<p>Basílica de Sant Just</p>
<p><strong>Misa para doble coro de Frank Martin (1890 &#8211; 1974)</strong></p>
<p>&nbsp;</p>
<p>Domingo 28 de marzo de 2021 a las 19.00h</p>
<p>Basílica de Sant Just</p>
<p>OFICIO DE SEMANA SANTA</p>
<p><strong>Liturgia de la Pasión, con la Pasión (autor a determinar) y Lamentaciones de Jeremías de Alonso Lobo (1555-1617)</strong></p>
<p>Domingo, 30 de mayo de 2021 a las 12.00h</p>
<p>Monestir de Pedralbes</p>
<p><strong>«MISSA BREVIS» de Leonard Bernstein (1918-1990)</strong></p>
</div></div></div></section>

Domingo, 18 de octubre de 2020 a las 19.00h Basílica de Sant Just Misa Pro Defunctis de Joan Cererols (1618-1680) Josep Borràs, fagot - David Malet, órgano (en memoria de las víctimas por la covid-19) &nbsp; Domingo, 13 de diciembre de 2020 a las 19.00h Basílica de Sant Just OFICIO DE NAVIDAD Fragmentos de "Messiah"

<!-- This site is optimized with the Yoast SEO plugin v22.6 - https://yoast.com/wordpress/plugins/seo/ -->
<title>TEMPORADA 2020-2021 - Missespolifoniques</title>
<meta name="robots" content="index, follow, max-snippet:-1, max-image-preview:large, max-video-preview:-1" />
<link rel="canonical" href="http://www.missespolifoniques.com/index.php/temporada-2013-2014/?lang=es" />
<meta property="og:locale" content="ca_ES" />
<meta property="og:type" content="article" />
<meta property="og:title" content="TEMPORADA 2020-2021 - Missespolifoniques" />
<meta property="og:url" content="http://www.missespolifoniques.com/index.php/temporada-2013-2014/?lang=es" />
<meta property="og:site_name" content="Missespolifoniques" />
<meta property="article:modified_time" content="2022-10-12T23:47:53+00:00" />
<meta name="twitter:card" content="summary_large_image" />
<meta name="twitter:label1" content="Temps estimat de lectura" />
	<meta name="twitter:data1" content="1 minut" />
<script type="application/ld+json" class="yoast-schema-graph">{"@context":"https://schema.org","@graph":[{"@type":"WebPage","@id":"http://www.missespolifoniques.com/index.php/temporada-2013-2014/?lang=es","url":"http://www.missespolifoniques.com/index.php/temporada-2013-2014/?lang=es","name":"TEMPORADA 2020-2021 - Missespolifoniques","isPartOf":{"@id":"http://www.missespolifoniques.com/#website"},"datePublished":"2017-10-06T11:00:12+00:00","dateModified":"2022-10-12T23:47:53+00:00","breadcrumb":{"@id":"http://www.missespolifoniques.com/index.php/temporada-2013-2014/?lang=es#breadcrumb"},"inLanguage":"ca","potentialAction":[{"@type":"ReadAction","target":["http://www.missespolifoniques.com/index.php/temporada-2013-2014/?lang=es"]}]},{"@type":"BreadcrumbList","@id":"http://www.missespolifoniques.com/index.php/temporada-2013-2014/?lang=es#breadcrumb","itemListElement":[{"@type":"ListItem","position":1,"name":"Portada","item":"http://www.missespolifoniques.com/"},{"@type":"ListItem","position":2,"name":"TEMPORADA 2020-2021"}]},{"@type":"WebSite","@id":"http://www.missespolifoniques.com/#website","url":"http://www.missespolifoniques.com/","name":"Missespolifoniques","description":"MISSES POLIFÒNIQUES","potentialAction":[{"@type":"SearchAction","target":{"@type":"EntryPoint","urlTemplate":"http://www.missespolifoniques.com/?s={search_term_string}"},"query-input":"required name=search_term_string"}],"inLanguage":"ca"}]}</script>
<!-- / Yoast SEO plugin. -->

MISSES POLIFÒNIQUES
