{"id":3014,"date":"2017-09-28T10:42:03","date_gmt":"2017-09-28T10:42:03","guid":{"rendered":"http:\/\/www.missespolifoniques.com\/index.php\/2834-2\/"},"modified":"2018-01-03T18:46:24","modified_gmt":"2018-01-03T18:46:24","slug":"2834-2","status":"publish","type":"page","link":"http:\/\/www.missespolifoniques.com\/index.php\/2834-2\/?lang=es","title":{"rendered":"MIREIA BARRERA"},"content":{"rendered":"<section  class=\"content-section full-width with-col cover custom-padding no-margin    content-section-69f263b25013e\"><div class=\"row vc_row-fluid\"><div class=\"wpb_column col-md-6\"><div  class=\"full-block align-left\" ><img loading=\"lazy\" decoding=\"async\"  src=\"http:\/\/www.missespolifoniques.com\/wp-content\/uploads\/2017\/04\/bcn_ars_nova06cRicardo-Rios_mireiabarrera.jpg\"  width=\"1772\" height=\"2021\" alt=\"\" title=\"\" \/><\/div><\/div><div class=\"wpb_column col-md-6\"><h3  class=\"banner-heading font-alt mb-30 mb-xxs-10\" >MIREIA BARRERA, directora<\/h3><div class=\"section-text text-block \" ><p>Ha sido directora titular del Coro Nacional de Espa\u00f1a, la Capilla de M\u00fasica de Santa Mar\u00eda del Mar y hasta diciembre de 2005 dirigi\u00f3 el Coro de la Orquesta Ciudad de Granada, del cual es fundadora. Tambi\u00e9n ha sido directora invitada y ha colaborado con la Orquesta Nacional de Espa\u00f1a, Orquesta de C\u00e1mara Nacional de Andorra, la Orquesta Barroca Catalana, el Ensemble Residencias, el conjunto BCN216, el Coro de C\u00e1mara del Palau de la M\u00fasica catalana y el Coro de la RTVE. Desde 1993 es directora del Cor Madrigal de Barcelona.<\/p>\n<p>Dirigi\u00f3 por primera vez el Coro Nacional de Espa\u00f1a la temporada 2004-2005 y desde septiembre de 2005 hasta junio de 2010 fue su directora titular. Con ellos realiz\u00f3 giras por toda Espa\u00f1a, adem\u00e1s de por Alemania, Rumania, Austria y Estados Unidos. Impuls\u00f3 la creaci\u00f3n del Ciclo Coral del Coro Nacional de Espa\u00f1a en el Auditorio Nacional de M\u00fasica de Madrid.<\/p>\n<p>En octubre de 2012 se present\u00f3 en la Bas\u00edlica de los Santos Justo y Pastor al frente de Barcelona Ars Nova, ensemble vocal profesional creado en Barcelona en el marco del proyecto Misses Polif\u00f3nicas.<\/p>\n<p>En 2014 la Generalitat de Catalu\u00f1a le concedi\u00f3 el Premio Nacional de Cultura.<\/p>\n<\/div><\/div><\/div><\/section><section  class=\"content-section full-width with-col cover no-padding no-margin    content-section-69f263b251941\"><div class=\"row vc_row-fluid\"><div class=\"wpb_column col-md-12\"><div class=\"section-text text-block \" ><p>Nacida en Terrassa y formada en el Conservatorio Municipal de M\u00fasica de Barcelona, \u200b\u200bestudi\u00f3 en la Escuela Internacional de Canto Coral de Namur (B\u00e9lgica) con el director de coro y orquesta Pierre Cao. Tambi\u00e9n ha participado en diferentes cursos impartidos por M. Cabero, E. Rib\u00f3 y L. Heltay. Paralelamente, ha realizado estudios de canto con M. Dolors Aldea.<\/p>\n<p>Ha colaborado en numerosas ocasiones con el Gran Teatro del Liceo de Barcelona como asistente del Coraz\u00f3n, as\u00ed como en la preparaci\u00f3n de coros y solistas infantiles. Ha participado en las producciones de las \u00f3peras <em>Brundib\u00e1r y Eco,<\/em> en colaboraci\u00f3n con el Instituto de Educaci\u00f3n, del Ayuntamiento de Barcelona.<\/p>\n<p>En el \u00e1mbito docente, ha sido profesora de Direcci\u00f3n Coral en la Escuela Superior de M\u00fasica de Catalu\u00f1a (2002-2005). Tambi\u00e9n ha impartido cursos para la FCEC, as\u00ed como en diferentes ciudades del Estado.<\/p>\n<p>Cabe destacar su inter\u00e9s por el di\u00e1logo entre la m\u00fasica y otras disciplinas art\u00edsticas, el cual la ha llevado a colaborar con artistas como Perejaume o las compa\u00f1\u00edas de danza IT Dansa y Santamar\u00eda.<\/p>\n<\/div><\/div><\/div><\/section>\n","protected":false},"excerpt":{"rendered":"MIREIA BARRERA, directoraHa sido directora titular del Coro Nacional de Espa\u00f1a, la Capilla de M\u00fasica de Santa Mar\u00eda del Mar y hasta diciembre de 2005 dirigi\u00f3 el Coro de la Orquesta Ciudad de Granada, del cual es fundadora. Tambi\u00e9n ha sido directora invitada y ha colaborado con la Orquesta Nacional de Espa\u00f1a, Orquesta de C\u00e1mara","protected":false},"author":1,"featured_media":0,"parent":0,"menu_order":0,"comment_status":"closed","ping_status":"closed","template":"","meta":{"_acf_changed":false,"_monsterinsights_skip_tracking":false,"_monsterinsights_sitenote_active":false,"_monsterinsights_sitenote_note":"","_monsterinsights_sitenote_category":0,"footnotes":""},"acf":[],"yoast_head":"<!-- This site is optimized with the Yoast SEO plugin v22.6 - https:\/\/yoast.com\/wordpress\/plugins\/seo\/ -->\n<title>MIREIA BARRERA - Missespolifoniques<\/title>\n<meta name=\"robots\" content=\"index, follow, max-snippet:-1, max-image-preview:large, max-video-preview:-1\" \/>\n<link rel=\"canonical\" href=\"http:\/\/www.missespolifoniques.com\/index.php\/2834-2\/?lang=es\" \/>\n<meta property=\"og:locale\" content=\"ca_ES\" \/>\n<meta property=\"og:type\" content=\"article\" \/>\n<meta property=\"og:title\" content=\"MIREIA BARRERA - Missespolifoniques\" \/>\n<meta property=\"og:url\" content=\"http:\/\/www.missespolifoniques.com\/index.php\/2834-2\/?lang=es\" \/>\n<meta property=\"og:site_name\" content=\"Missespolifoniques\" \/>\n<meta property=\"article:modified_time\" content=\"2018-01-03T18:46:24+00:00\" \/>\n<meta name=\"twitter:card\" content=\"summary_large_image\" \/>\n<meta name=\"twitter:label1\" content=\"Temps estimat de lectura\" \/>\n\t<meta name=\"twitter:data1\" content=\"2 minuts\" \/>\n<script type=\"application\/ld+json\" class=\"yoast-schema-graph\">{\"@context\":\"https:\/\/schema.org\",\"@graph\":[{\"@type\":\"WebPage\",\"@id\":\"http:\/\/www.missespolifoniques.com\/index.php\/2834-2\/?lang=es\",\"url\":\"http:\/\/www.missespolifoniques.com\/index.php\/2834-2\/?lang=es\",\"name\":\"MIREIA BARRERA - Missespolifoniques\",\"isPartOf\":{\"@id\":\"http:\/\/www.missespolifoniques.com\/#website\"},\"datePublished\":\"2017-09-28T10:42:03+00:00\",\"dateModified\":\"2018-01-03T18:46:24+00:00\",\"breadcrumb\":{\"@id\":\"http:\/\/www.missespolifoniques.com\/index.php\/2834-2\/?lang=es#breadcrumb\"},\"inLanguage\":\"ca\",\"potentialAction\":[{\"@type\":\"ReadAction\",\"target\":[\"http:\/\/www.missespolifoniques.com\/index.php\/2834-2\/?lang=es\"]}]},{\"@type\":\"BreadcrumbList\",\"@id\":\"http:\/\/www.missespolifoniques.com\/index.php\/2834-2\/?lang=es#breadcrumb\",\"itemListElement\":[{\"@type\":\"ListItem\",\"position\":1,\"name\":\"Portada\",\"item\":\"http:\/\/www.missespolifoniques.com\/\"},{\"@type\":\"ListItem\",\"position\":2,\"name\":\"MIREIA BARRERA\"}]},{\"@type\":\"WebSite\",\"@id\":\"http:\/\/www.missespolifoniques.com\/#website\",\"url\":\"http:\/\/www.missespolifoniques.com\/\",\"name\":\"Missespolifoniques\",\"description\":\"MISSES POLIF\u00d2NIQUES\",\"potentialAction\":[{\"@type\":\"SearchAction\",\"target\":{\"@type\":\"EntryPoint\",\"urlTemplate\":\"http:\/\/www.missespolifoniques.com\/?s={search_term_string}\"},\"query-input\":\"required name=search_term_string\"}],\"inLanguage\":\"ca\"}]}<\/script>\n<!-- \/ Yoast SEO plugin. -->","yoast_head_json":{"title":"MIREIA BARRERA - Missespolifoniques","robots":{"index":"index","follow":"follow","max-snippet":"max-snippet:-1","max-image-preview":"max-image-preview:large","max-video-preview":"max-video-preview:-1"},"canonical":"http:\/\/www.missespolifoniques.com\/index.php\/2834-2\/?lang=es","og_locale":"ca_ES","og_type":"article","og_title":"MIREIA BARRERA - Missespolifoniques","og_url":"http:\/\/www.missespolifoniques.com\/index.php\/2834-2\/?lang=es","og_site_name":"Missespolifoniques","article_modified_time":"2018-01-03T18:46:24+00:00","twitter_card":"summary_large_image","twitter_misc":{"Temps estimat de lectura":"2 minuts"},"schema":{"@context":"https:\/\/schema.org","@graph":[{"@type":"WebPage","@id":"http:\/\/www.missespolifoniques.com\/index.php\/2834-2\/?lang=es","url":"http:\/\/www.missespolifoniques.com\/index.php\/2834-2\/?lang=es","name":"MIREIA BARRERA - Missespolifoniques","isPartOf":{"@id":"http:\/\/www.missespolifoniques.com\/#website"},"datePublished":"2017-09-28T10:42:03+00:00","dateModified":"2018-01-03T18:46:24+00:00","breadcrumb":{"@id":"http:\/\/www.missespolifoniques.com\/index.php\/2834-2\/?lang=es#breadcrumb"},"inLanguage":"ca","potentialAction":[{"@type":"ReadAction","target":["http:\/\/www.missespolifoniques.com\/index.php\/2834-2\/?lang=es"]}]},{"@type":"BreadcrumbList","@id":"http:\/\/www.missespolifoniques.com\/index.php\/2834-2\/?lang=es#breadcrumb","itemListElement":[{"@type":"ListItem","position":1,"name":"Portada","item":"http:\/\/www.missespolifoniques.com\/"},{"@type":"ListItem","position":2,"name":"MIREIA BARRERA"}]},{"@type":"WebSite","@id":"http:\/\/www.missespolifoniques.com\/#website","url":"http:\/\/www.missespolifoniques.com\/","name":"Missespolifoniques","description":"MISSES POLIF\u00d2NIQUES","potentialAction":[{"@type":"SearchAction","target":{"@type":"EntryPoint","urlTemplate":"http:\/\/www.missespolifoniques.com\/?s={search_term_string}"},"query-input":"required name=search_term_string"}],"inLanguage":"ca"}]}},"_links":{"self":[{"href":"http:\/\/www.missespolifoniques.com\/index.php\/wp-json\/wp\/v2\/pages\/3014"}],"collection":[{"href":"http:\/\/www.missespolifoniques.com\/index.php\/wp-json\/wp\/v2\/pages"}],"about":[{"href":"http:\/\/www.missespolifoniques.com\/index.php\/wp-json\/wp\/v2\/types\/page"}],"author":[{"embeddable":true,"href":"http:\/\/www.missespolifoniques.com\/index.php\/wp-json\/wp\/v2\/users\/1"}],"replies":[{"embeddable":true,"href":"http:\/\/www.missespolifoniques.com\/index.php\/wp-json\/wp\/v2\/comments?post=3014"}],"version-history":[{"count":2,"href":"http:\/\/www.missespolifoniques.com\/index.php\/wp-json\/wp\/v2\/pages\/3014\/revisions"}],"predecessor-version":[{"id":3017,"href":"http:\/\/www.missespolifoniques.com\/index.php\/wp-json\/wp\/v2\/pages\/3014\/revisions\/3017"}],"wp:attachment":[{"href":"http:\/\/www.missespolifoniques.com\/index.php\/wp-json\/wp\/v2\/media?parent=3014"}],"curies":[{"name":"wp","href":"https:\/\/api.w.org\/{rel}","templated":true}]}}

<section  class="content-section full-width with-col cover custom-padding no-margin    content-section-69f263b25013e"><div class="row vc_row-fluid"><div class="wpb_column col-md-6"><div  class="full-block align-left" ><img loading="lazy" decoding="async"  src="http://www.missespolifoniques.com/wp-content/uploads/2017/04/bcn_ars_nova06cRicardo-Rios_mireiabarrera.jpg"  width="1772" height="2021" alt="" title="" /></div></div><div class="wpb_column col-md-6"><h3  class="banner-heading font-alt mb-30 mb-xxs-10" >MIREIA BARRERA, directora</h3><div class="section-text text-block " ><p>Ha sido directora titular del Coro Nacional de España, la Capilla de Música de Santa María del Mar y hasta diciembre de 2005 dirigió el Coro de la Orquesta Ciudad de Granada, del cual es fundadora. También ha sido directora invitada y ha colaborado con la Orquesta Nacional de España, Orquesta de Cámara Nacional de Andorra, la Orquesta Barroca Catalana, el Ensemble Residencias, el conjunto BCN216, el Coro de Cámara del Palau de la Música catalana y el Coro de la RTVE. Desde 1993 es directora del Cor Madrigal de Barcelona.</p>
<p>Dirigió por primera vez el Coro Nacional de España la temporada 2004-2005 y desde septiembre de 2005 hasta junio de 2010 fue su directora titular. Con ellos realizó giras por toda España, además de por Alemania, Rumania, Austria y Estados Unidos. Impulsó la creación del Ciclo Coral del Coro Nacional de España en el Auditorio Nacional de Música de Madrid.</p>
<p>En octubre de 2012 se presentó en la Basílica de los Santos Justo y Pastor al frente de Barcelona Ars Nova, ensemble vocal profesional creado en Barcelona en el marco del proyecto Misses Polifónicas.</p>
<p>En 2014 la Generalitat de Cataluña le concedió el Premio Nacional de Cultura.</p>
</div></div></div></section><section  class="content-section full-width with-col cover no-padding no-margin    content-section-69f263b251941"><div class="row vc_row-fluid"><div class="wpb_column col-md-12"><div class="section-text text-block " ><p>Nacida en Terrassa y formada en el Conservatorio Municipal de Música de Barcelona, ​​estudió en la Escuela Internacional de Canto Coral de Namur (Bélgica) con el director de coro y orquesta Pierre Cao. También ha participado en diferentes cursos impartidos por M. Cabero, E. Ribó y L. Heltay. Paralelamente, ha realizado estudios de canto con M. Dolors Aldea.</p>
<p>Ha colaborado en numerosas ocasiones con el Gran Teatro del Liceo de Barcelona como asistente del Corazón, así como en la preparación de coros y solistas infantiles. Ha participado en las producciones de las óperas <em>Brundibár y Eco,</em> en colaboración con el Instituto de Educación, del Ayuntamiento de Barcelona.</p>
<p>En el ámbito docente, ha sido profesora de Dirección Coral en la Escuela Superior de Música de Cataluña (2002-2005). También ha impartido cursos para la FCEC, así como en diferentes ciudades del Estado.</p>
<p>Cabe destacar su interés por el diálogo entre la música y otras disciplinas artísticas, el cual la ha llevado a colaborar con artistas como Perejaume o las compañías de danza IT Dansa y Santamaría.</p>
</div></div></div></section>

MIREIA BARRERA, directoraHa sido directora titular del Coro Nacional de España, la Capilla de Música de Santa María del Mar y hasta diciembre de 2005 dirigió el Coro de la Orquesta Ciudad de Granada, del cual es fundadora. También ha sido directora invitada y ha colaborado con la Orquesta Nacional de España, Orquesta de Cámara

<!-- This site is optimized with the Yoast SEO plugin v22.6 - https://yoast.com/wordpress/plugins/seo/ -->
<title>MIREIA BARRERA - Missespolifoniques</title>
<meta name="robots" content="index, follow, max-snippet:-1, max-image-preview:large, max-video-preview:-1" />
<link rel="canonical" href="http://www.missespolifoniques.com/index.php/2834-2/?lang=es" />
<meta property="og:locale" content="ca_ES" />
<meta property="og:type" content="article" />
<meta property="og:title" content="MIREIA BARRERA - Missespolifoniques" />
<meta property="og:url" content="http://www.missespolifoniques.com/index.php/2834-2/?lang=es" />
<meta property="og:site_name" content="Missespolifoniques" />
<meta property="article:modified_time" content="2018-01-03T18:46:24+00:00" />
<meta name="twitter:card" content="summary_large_image" />
<meta name="twitter:label1" content="Temps estimat de lectura" />
	<meta name="twitter:data1" content="2 minuts" />
<script type="application/ld+json" class="yoast-schema-graph">{"@context":"https://schema.org","@graph":[{"@type":"WebPage","@id":"http://www.missespolifoniques.com/index.php/2834-2/?lang=es","url":"http://www.missespolifoniques.com/index.php/2834-2/?lang=es","name":"MIREIA BARRERA - Missespolifoniques","isPartOf":{"@id":"http://www.missespolifoniques.com/#website"},"datePublished":"2017-09-28T10:42:03+00:00","dateModified":"2018-01-03T18:46:24+00:00","breadcrumb":{"@id":"http://www.missespolifoniques.com/index.php/2834-2/?lang=es#breadcrumb"},"inLanguage":"ca","potentialAction":[{"@type":"ReadAction","target":["http://www.missespolifoniques.com/index.php/2834-2/?lang=es"]}]},{"@type":"BreadcrumbList","@id":"http://www.missespolifoniques.com/index.php/2834-2/?lang=es#breadcrumb","itemListElement":[{"@type":"ListItem","position":1,"name":"Portada","item":"http://www.missespolifoniques.com/"},{"@type":"ListItem","position":2,"name":"MIREIA BARRERA"}]},{"@type":"WebSite","@id":"http://www.missespolifoniques.com/#website","url":"http://www.missespolifoniques.com/","name":"Missespolifoniques","description":"MISSES POLIFÒNIQUES","potentialAction":[{"@type":"SearchAction","target":{"@type":"EntryPoint","urlTemplate":"http://www.missespolifoniques.com/?s={search_term_string}"},"query-input":"required name=search_term_string"}],"inLanguage":"ca"}]}</script>
<!-- / Yoast SEO plugin. -->

MISSES POLIFÒNIQUES
