{"id":2939,"date":"2017-10-06T11:00:12","date_gmt":"2017-10-06T11:00:12","guid":{"rendered":"http:\/\/www.missespolifoniques.com\/?page_id=2939"},"modified":"2021-10-26T18:16:43","modified_gmt":"2021-10-26T18:16:43","slug":"temporada-2018-2019-2","status":"publish","type":"page","link":"http:\/\/www.missespolifoniques.com\/index.php\/temporada-2018-2019-2\/","title":{"rendered":"TEMPORADA 2020-2021"},"content":{"rendered":"<section  class=\"content-section full-width with-col cover custom-padding no-margin    content-section-69f25391e0913\"><div class=\"row vc_row-fluid\"><div class=\"wpb_column col-md-12\"><div class=\"section-text text-block \" ><p>Diumenge, 18 d&#8217;octubre de 2020 a les 19.00h<\/p>\n<p>Bas\u00edlica de Sant Just<\/p>\n<p><strong>Missa Pro Defunctis de Joan Cererols (1618-1680)<\/strong><\/p>\n<p>Josep Borr\u00e0s, fagot &#8211; David Malet, orgue<\/p>\n<p>(en mem\u00f2ria de les v\u00edctimes per la covid-19)<\/p>\n<p>&nbsp;<\/p>\n<p>Diumenge, 13 de desembre de 2020 a les 19.00h<\/p>\n<p>Bas\u00edlica de Sant Just<\/p>\n<p>OFICI DE NADAL<\/p>\n<p><strong>Fragments de &#8220;Messiah&#8221; de G.F.H\u00e4ndel (1685 -1759)<\/strong><\/p>\n<p><em>Amb la col\u00b7laboraci\u00f3 de l&#8217;Orquestra Barroca Catalana<\/em><\/p>\n<p>&nbsp;<\/p>\n<p>Diumenge,\u00a021 de febrer de 2021 a les 19.00h<\/p>\n<p>Bas\u00edlica de Sant Just<\/p>\n<p><strong>Missa per a doble cor de Frank Martin (1890 &#8211; 1974)<\/strong><\/p>\n<p>&nbsp;<\/p>\n<p>Diumenge 28 de mar\u00e7 de 2021 a les 19.00h<\/p>\n<p>Bas\u00edlica de Sant Just<\/p>\n<p>OFICI DE SETMANA SANTA<\/p>\n<p><strong>Lit\u00fargia de la Passi\u00f3, amb la Passi\u00f3 (autor a determinar) i Lamentacions de Jeremies d&#8217;Alonso Lobo (1555-1617)<\/strong><\/p>\n<p>Diumenge, 30 de maig de 2021 a les 12.00h<\/p>\n<p>Monestir de Pedralbes<\/p>\n<p><em><strong>\u00abMISSA BREVIS\u00bb de Leonard Bernstein (1918-1990)<\/strong><\/em><\/p>\n<\/div><\/div><\/div><\/section>\n","protected":false},"excerpt":{"rendered":"Diumenge, 18 d'octubre de 2020 a les 19.00h Bas\u00edlica de Sant Just Missa Pro Defunctis de Joan Cererols (1618-1680) Josep Borr\u00e0s, fagot - David Malet, orgue (en mem\u00f2ria de les v\u00edctimes per la covid-19) &nbsp; Diumenge, 13 de desembre de 2020 a les 19.00h Bas\u00edlica de Sant Just OFICI DE NADAL Fragments de \"Messiah\" de","protected":false},"author":1,"featured_media":0,"parent":0,"menu_order":0,"comment_status":"closed","ping_status":"closed","template":"","meta":{"_acf_changed":false,"_monsterinsights_skip_tracking":false,"_monsterinsights_sitenote_active":false,"_monsterinsights_sitenote_note":"","_monsterinsights_sitenote_category":0,"footnotes":""},"acf":[],"yoast_head":"<!-- This site is optimized with the Yoast SEO plugin v22.6 - https:\/\/yoast.com\/wordpress\/plugins\/seo\/ -->\n<title>TEMPORADA 2020-2021 - Missespolifoniques<\/title>\n<meta name=\"robots\" content=\"index, follow, max-snippet:-1, max-image-preview:large, max-video-preview:-1\" \/>\n<link rel=\"canonical\" href=\"http:\/\/www.missespolifoniques.com\/index.php\/temporada-2018-2019-2\/\" \/>\n<meta property=\"og:locale\" content=\"ca_ES\" \/>\n<meta property=\"og:type\" content=\"article\" \/>\n<meta property=\"og:title\" content=\"TEMPORADA 2020-2021 - Missespolifoniques\" \/>\n<meta property=\"og:url\" content=\"http:\/\/www.missespolifoniques.com\/index.php\/temporada-2018-2019-2\/\" \/>\n<meta property=\"og:site_name\" content=\"Missespolifoniques\" \/>\n<meta property=\"article:modified_time\" content=\"2021-10-26T18:16:43+00:00\" \/>\n<meta name=\"twitter:card\" content=\"summary_large_image\" \/>\n<meta name=\"twitter:label1\" content=\"Temps estimat de lectura\" \/>\n\t<meta name=\"twitter:data1\" content=\"1 minut\" \/>\n<script type=\"application\/ld+json\" class=\"yoast-schema-graph\">{\"@context\":\"https:\/\/schema.org\",\"@graph\":[{\"@type\":\"WebPage\",\"@id\":\"http:\/\/www.missespolifoniques.com\/index.php\/temporada-2018-2019-2\/\",\"url\":\"http:\/\/www.missespolifoniques.com\/index.php\/temporada-2018-2019-2\/\",\"name\":\"TEMPORADA 2020-2021 - Missespolifoniques\",\"isPartOf\":{\"@id\":\"http:\/\/www.missespolifoniques.com\/#website\"},\"datePublished\":\"2017-10-06T11:00:12+00:00\",\"dateModified\":\"2021-10-26T18:16:43+00:00\",\"breadcrumb\":{\"@id\":\"http:\/\/www.missespolifoniques.com\/index.php\/temporada-2018-2019-2\/#breadcrumb\"},\"inLanguage\":\"ca\",\"potentialAction\":[{\"@type\":\"ReadAction\",\"target\":[\"http:\/\/www.missespolifoniques.com\/index.php\/temporada-2018-2019-2\/\"]}]},{\"@type\":\"BreadcrumbList\",\"@id\":\"http:\/\/www.missespolifoniques.com\/index.php\/temporada-2018-2019-2\/#breadcrumb\",\"itemListElement\":[{\"@type\":\"ListItem\",\"position\":1,\"name\":\"Portada\",\"item\":\"http:\/\/www.missespolifoniques.com\/\"},{\"@type\":\"ListItem\",\"position\":2,\"name\":\"TEMPORADA 2020-2021\"}]},{\"@type\":\"WebSite\",\"@id\":\"http:\/\/www.missespolifoniques.com\/#website\",\"url\":\"http:\/\/www.missespolifoniques.com\/\",\"name\":\"Missespolifoniques\",\"description\":\"MISSES POLIF\u00d2NIQUES\",\"potentialAction\":[{\"@type\":\"SearchAction\",\"target\":{\"@type\":\"EntryPoint\",\"urlTemplate\":\"http:\/\/www.missespolifoniques.com\/?s={search_term_string}\"},\"query-input\":\"required name=search_term_string\"}],\"inLanguage\":\"ca\"}]}<\/script>\n<!-- \/ Yoast SEO plugin. -->","yoast_head_json":{"title":"TEMPORADA 2020-2021 - Missespolifoniques","robots":{"index":"index","follow":"follow","max-snippet":"max-snippet:-1","max-image-preview":"max-image-preview:large","max-video-preview":"max-video-preview:-1"},"canonical":"http:\/\/www.missespolifoniques.com\/index.php\/temporada-2018-2019-2\/","og_locale":"ca_ES","og_type":"article","og_title":"TEMPORADA 2020-2021 - Missespolifoniques","og_url":"http:\/\/www.missespolifoniques.com\/index.php\/temporada-2018-2019-2\/","og_site_name":"Missespolifoniques","article_modified_time":"2021-10-26T18:16:43+00:00","twitter_card":"summary_large_image","twitter_misc":{"Temps estimat de lectura":"1 minut"},"schema":{"@context":"https:\/\/schema.org","@graph":[{"@type":"WebPage","@id":"http:\/\/www.missespolifoniques.com\/index.php\/temporada-2018-2019-2\/","url":"http:\/\/www.missespolifoniques.com\/index.php\/temporada-2018-2019-2\/","name":"TEMPORADA 2020-2021 - Missespolifoniques","isPartOf":{"@id":"http:\/\/www.missespolifoniques.com\/#website"},"datePublished":"2017-10-06T11:00:12+00:00","dateModified":"2021-10-26T18:16:43+00:00","breadcrumb":{"@id":"http:\/\/www.missespolifoniques.com\/index.php\/temporada-2018-2019-2\/#breadcrumb"},"inLanguage":"ca","potentialAction":[{"@type":"ReadAction","target":["http:\/\/www.missespolifoniques.com\/index.php\/temporada-2018-2019-2\/"]}]},{"@type":"BreadcrumbList","@id":"http:\/\/www.missespolifoniques.com\/index.php\/temporada-2018-2019-2\/#breadcrumb","itemListElement":[{"@type":"ListItem","position":1,"name":"Portada","item":"http:\/\/www.missespolifoniques.com\/"},{"@type":"ListItem","position":2,"name":"TEMPORADA 2020-2021"}]},{"@type":"WebSite","@id":"http:\/\/www.missespolifoniques.com\/#website","url":"http:\/\/www.missespolifoniques.com\/","name":"Missespolifoniques","description":"MISSES POLIF\u00d2NIQUES","potentialAction":[{"@type":"SearchAction","target":{"@type":"EntryPoint","urlTemplate":"http:\/\/www.missespolifoniques.com\/?s={search_term_string}"},"query-input":"required name=search_term_string"}],"inLanguage":"ca"}]}},"_links":{"self":[{"href":"http:\/\/www.missespolifoniques.com\/index.php\/wp-json\/wp\/v2\/pages\/2939"}],"collection":[{"href":"http:\/\/www.missespolifoniques.com\/index.php\/wp-json\/wp\/v2\/pages"}],"about":[{"href":"http:\/\/www.missespolifoniques.com\/index.php\/wp-json\/wp\/v2\/types\/page"}],"author":[{"embeddable":true,"href":"http:\/\/www.missespolifoniques.com\/index.php\/wp-json\/wp\/v2\/users\/1"}],"replies":[{"embeddable":true,"href":"http:\/\/www.missespolifoniques.com\/index.php\/wp-json\/wp\/v2\/comments?post=2939"}],"version-history":[{"count":4,"href":"http:\/\/www.missespolifoniques.com\/index.php\/wp-json\/wp\/v2\/pages\/2939\/revisions"}],"predecessor-version":[{"id":3312,"href":"http:\/\/www.missespolifoniques.com\/index.php\/wp-json\/wp\/v2\/pages\/2939\/revisions\/3312"}],"wp:attachment":[{"href":"http:\/\/www.missespolifoniques.com\/index.php\/wp-json\/wp\/v2\/media?parent=2939"}],"curies":[{"name":"wp","href":"https:\/\/api.w.org\/{rel}","templated":true}]}}

<section  class="content-section full-width with-col cover custom-padding no-margin    content-section-69f25391e0913"><div class="row vc_row-fluid"><div class="wpb_column col-md-12"><div class="section-text text-block " ><p>Diumenge, 18 d&#8217;octubre de 2020 a les 19.00h</p>
<p>Basílica de Sant Just</p>
<p><strong>Missa Pro Defunctis de Joan Cererols (1618-1680)</strong></p>
<p>Josep Borràs, fagot &#8211; David Malet, orgue</p>
<p>(en memòria de les víctimes per la covid-19)</p>
<p>&nbsp;</p>
<p>Diumenge, 13 de desembre de 2020 a les 19.00h</p>
<p>Basílica de Sant Just</p>
<p>OFICI DE NADAL</p>
<p><strong>Fragments de &#8220;Messiah&#8221; de G.F.Händel (1685 -1759)</strong></p>
<p><em>Amb la col·laboració de l&#8217;Orquestra Barroca Catalana</em></p>
<p>&nbsp;</p>
<p>Diumenge, 21 de febrer de 2021 a les 19.00h</p>
<p>Basílica de Sant Just</p>
<p><strong>Missa per a doble cor de Frank Martin (1890 &#8211; 1974)</strong></p>
<p>&nbsp;</p>
<p>Diumenge 28 de març de 2021 a les 19.00h</p>
<p>Basílica de Sant Just</p>
<p>OFICI DE SETMANA SANTA</p>
<p><strong>Litúrgia de la Passió, amb la Passió (autor a determinar) i Lamentacions de Jeremies d&#8217;Alonso Lobo (1555-1617)</strong></p>
<p>Diumenge, 30 de maig de 2021 a les 12.00h</p>
<p>Monestir de Pedralbes</p>
<p><em><strong>«MISSA BREVIS» de Leonard Bernstein (1918-1990)</strong></em></p>
</div></div></div></section>

Diumenge, 18 d'octubre de 2020 a les 19.00h Basílica de Sant Just Missa Pro Defunctis de Joan Cererols (1618-1680) Josep Borràs, fagot - David Malet, orgue (en memòria de les víctimes per la covid-19) &nbsp; Diumenge, 13 de desembre de 2020 a les 19.00h Basílica de Sant Just OFICI DE NADAL Fragments de "Messiah" de

<!-- This site is optimized with the Yoast SEO plugin v22.6 - https://yoast.com/wordpress/plugins/seo/ -->
<title>TEMPORADA 2020-2021 - Missespolifoniques</title>
<meta name="robots" content="index, follow, max-snippet:-1, max-image-preview:large, max-video-preview:-1" />
<link rel="canonical" href="http://www.missespolifoniques.com/index.php/temporada-2018-2019-2/" />
<meta property="og:locale" content="ca_ES" />
<meta property="og:type" content="article" />
<meta property="og:title" content="TEMPORADA 2020-2021 - Missespolifoniques" />
<meta property="og:url" content="http://www.missespolifoniques.com/index.php/temporada-2018-2019-2/" />
<meta property="og:site_name" content="Missespolifoniques" />
<meta property="article:modified_time" content="2021-10-26T18:16:43+00:00" />
<meta name="twitter:card" content="summary_large_image" />
<meta name="twitter:label1" content="Temps estimat de lectura" />
	<meta name="twitter:data1" content="1 minut" />
<script type="application/ld+json" class="yoast-schema-graph">{"@context":"https://schema.org","@graph":[{"@type":"WebPage","@id":"http://www.missespolifoniques.com/index.php/temporada-2018-2019-2/","url":"http://www.missespolifoniques.com/index.php/temporada-2018-2019-2/","name":"TEMPORADA 2020-2021 - Missespolifoniques","isPartOf":{"@id":"http://www.missespolifoniques.com/#website"},"datePublished":"2017-10-06T11:00:12+00:00","dateModified":"2021-10-26T18:16:43+00:00","breadcrumb":{"@id":"http://www.missespolifoniques.com/index.php/temporada-2018-2019-2/#breadcrumb"},"inLanguage":"ca","potentialAction":[{"@type":"ReadAction","target":["http://www.missespolifoniques.com/index.php/temporada-2018-2019-2/"]}]},{"@type":"BreadcrumbList","@id":"http://www.missespolifoniques.com/index.php/temporada-2018-2019-2/#breadcrumb","itemListElement":[{"@type":"ListItem","position":1,"name":"Portada","item":"http://www.missespolifoniques.com/"},{"@type":"ListItem","position":2,"name":"TEMPORADA 2020-2021"}]},{"@type":"WebSite","@id":"http://www.missespolifoniques.com/#website","url":"http://www.missespolifoniques.com/","name":"Missespolifoniques","description":"MISSES POLIFÒNIQUES","potentialAction":[{"@type":"SearchAction","target":{"@type":"EntryPoint","urlTemplate":"http://www.missespolifoniques.com/?s={search_term_string}"},"query-input":"required name=search_term_string"}],"inLanguage":"ca"}]}</script>
<!-- / Yoast SEO plugin. -->

MISSES POLIFÒNIQUES
