{"id":2834,"date":"2017-09-28T10:42:03","date_gmt":"2017-09-28T10:42:03","guid":{"rendered":"http:\/\/www.missespolifoniques.com\/?page_id=2834"},"modified":"2017-10-06T10:06:17","modified_gmt":"2017-10-06T10:06:17","slug":"2834-2","status":"publish","type":"page","link":"http:\/\/www.missespolifoniques.com\/index.php\/2834-2\/","title":{"rendered":"MIREIA BARRERA"},"content":{"rendered":"<section  class=\"content-section full-width with-col cover custom-padding no-margin    content-section-69f2537922fd0\"><div class=\"row vc_row-fluid\"><div class=\"wpb_column col-md-6\"><div  class=\"full-block align-left\" ><img loading=\"lazy\" decoding=\"async\"  src=\"http:\/\/www.missespolifoniques.com\/wp-content\/uploads\/2017\/04\/bcn_ars_nova06cRicardo-Rios_mireiabarrera.jpg\"  width=\"1772\" height=\"2021\" alt=\"\" title=\"\" \/><\/div><\/div><div class=\"wpb_column col-md-6\"><h3  class=\"banner-heading font-alt mb-30 mb-xxs-10\" >MIREIA BARRERA, directora<\/h3><div class=\"section-text text-block \" ><p>Ha estat directora titular del Coro Nacional de Espa\u00f1a, la Capella de M\u00fasica de Santa Maria del Mar i fins al desembre de 2005 va dirigir el Coro de la Orquesta Ciudad de Granada, del qual n\u2019\u00e9s fundadora. Tamb\u00e9 ha estat directora convidada i ha col\u00b7laborat amb l\u2019Orquesta Nacional de Espa\u00f1a, Orquestra de Cambra Nacional d\u2019Andorra, l\u2019Orquestra Barroca Catalana, l\u2019Ensemble Residencias, el conjunt BCN216, el Cor de Cambra del Palau de la M\u00fasica Catalana i el Coro de la RTVE. Des del 1993 \u00e9s directora del Cor Madrigal de Barcelona.<\/p>\n<p>Va dirigir per primer cop el Coro Nacional de Espa\u00f1a la temporada 2004-2005 i des del setembre de 2005 fins al juny de 2010 en va ser la seva directora titular. Amb ells va realitzar gires per tota Espanya, a m\u00e9s de per Alemanya, Romania, \u00c0ustria i els Estats Units. Va impulsar la creaci\u00f3 del Ciclo Coral del Coro Nacional de Espa\u00f1a a l\u2019Auditorio Nacional de M\u00fasica de Madrid.<\/p>\n<p>El mes d\u2019octubre del 2012 es va presentar a la Bas\u00edlica dels Sants Just i Pastor al capdavant de Barcelona Ars Nova, ensemble vocal professional creat a Barcelona en el marc del projecte <em>Misses Polif\u00f2niques<\/em>.<\/p>\n<p>El 2014 la Generalitat de Catalunya li va concedir el Premi Nacional de Cultura.<\/p>\n<\/div><\/div><\/div><\/section><section  class=\"content-section full-width with-col cover no-padding no-margin    content-section-69f253792398d\"><div class=\"row vc_row-fluid\"><div class=\"wpb_column col-md-12\"><div class=\"section-text text-block \" ><p>Nascuda a Terrassa i formada al Conservatori Municipal de M\u00fasica de Barcelona, va estudiar a l\u2019Escola Internacional de Cant Coral de Namur (B\u00e8lgica) amb el director de cor i orquestra Pierre Cao. Tamb\u00e9 ha participat en diferents cursos impartits per M. Cabero, E. Rib\u00f3 i L. H\u00e9ltay. Paral\u00b7lelament, ha realitzat estudis de cant amb M. Dolors Aldea.<\/p>\n<p>Ha col\u00b7laborat en nombroses ocasions amb el Gran Teatre del Liceu de Barcelona com assistent del Cor, aix\u00ed com en la preparaci\u00f3 de cors i solistes infantils. Ha participat en les produccions de les \u00f2peres <em>Brundib\u00e1r<\/em> i <em>Eco<\/em>, en col\u00b7laboraci\u00f3 amb l&#8217;Institut d&#8217;Educaci\u00f3, de l&#8217;Ajuntament de Barcelona.<\/p>\n<p>En l\u2019\u00e0mbit docent, ha estat professora de Direcci\u00f3 Coral a l\u2019Escola Superior de M\u00fasica de Catalunya (2002-2005). Tamb\u00e9 ha impartit cursos per a la FCEC, aix\u00ed com en diferents ciutats de l\u2019Estat.<\/p>\n<p>Cal destacar el seu inter\u00e8s pel di\u00e0leg entre la m\u00fasica i altres disciplines art\u00edstiques, el qual l\u2019ha dut a col\u00b7laborar amb artistes com Perejaume o les companyies de dansa IT Dansa i Santamar\u00eda.<\/p>\n<\/div><\/div><\/div><\/section>\n","protected":false},"excerpt":{"rendered":"MIREIA BARRERA, directoraHa estat directora titular del Coro Nacional de Espa\u00f1a, la Capella de M\u00fasica de Santa Maria del Mar i fins al desembre de 2005 va dirigir el Coro de la Orquesta Ciudad de Granada, del qual n\u2019\u00e9s fundadora. Tamb\u00e9 ha estat directora convidada i ha col\u00b7laborat amb l\u2019Orquesta Nacional de Espa\u00f1a, Orquestra de","protected":false},"author":1,"featured_media":0,"parent":0,"menu_order":0,"comment_status":"closed","ping_status":"closed","template":"","meta":{"_acf_changed":false,"_monsterinsights_skip_tracking":false,"_monsterinsights_sitenote_active":false,"_monsterinsights_sitenote_note":"","_monsterinsights_sitenote_category":0,"footnotes":""},"acf":[],"yoast_head":"<!-- This site is optimized with the Yoast SEO plugin v22.6 - https:\/\/yoast.com\/wordpress\/plugins\/seo\/ -->\n<title>MIREIA BARRERA - Missespolifoniques<\/title>\n<meta name=\"robots\" content=\"index, follow, max-snippet:-1, max-image-preview:large, max-video-preview:-1\" \/>\n<link rel=\"canonical\" href=\"http:\/\/www.missespolifoniques.com\/index.php\/2834-2\/\" \/>\n<meta property=\"og:locale\" content=\"ca_ES\" \/>\n<meta property=\"og:type\" content=\"article\" \/>\n<meta property=\"og:title\" content=\"MIREIA BARRERA - Missespolifoniques\" \/>\n<meta property=\"og:url\" content=\"http:\/\/www.missespolifoniques.com\/index.php\/2834-2\/\" \/>\n<meta property=\"og:site_name\" content=\"Missespolifoniques\" \/>\n<meta property=\"article:modified_time\" content=\"2017-10-06T10:06:17+00:00\" \/>\n<meta name=\"twitter:card\" content=\"summary_large_image\" \/>\n<meta name=\"twitter:label1\" content=\"Temps estimat de lectura\" \/>\n\t<meta name=\"twitter:data1\" content=\"2 minuts\" \/>\n<script type=\"application\/ld+json\" class=\"yoast-schema-graph\">{\"@context\":\"https:\/\/schema.org\",\"@graph\":[{\"@type\":\"WebPage\",\"@id\":\"http:\/\/www.missespolifoniques.com\/index.php\/2834-2\/\",\"url\":\"http:\/\/www.missespolifoniques.com\/index.php\/2834-2\/\",\"name\":\"MIREIA BARRERA - Missespolifoniques\",\"isPartOf\":{\"@id\":\"http:\/\/www.missespolifoniques.com\/#website\"},\"datePublished\":\"2017-09-28T10:42:03+00:00\",\"dateModified\":\"2017-10-06T10:06:17+00:00\",\"breadcrumb\":{\"@id\":\"http:\/\/www.missespolifoniques.com\/index.php\/2834-2\/#breadcrumb\"},\"inLanguage\":\"ca\",\"potentialAction\":[{\"@type\":\"ReadAction\",\"target\":[\"http:\/\/www.missespolifoniques.com\/index.php\/2834-2\/\"]}]},{\"@type\":\"BreadcrumbList\",\"@id\":\"http:\/\/www.missespolifoniques.com\/index.php\/2834-2\/#breadcrumb\",\"itemListElement\":[{\"@type\":\"ListItem\",\"position\":1,\"name\":\"Portada\",\"item\":\"http:\/\/www.missespolifoniques.com\/\"},{\"@type\":\"ListItem\",\"position\":2,\"name\":\"MIREIA BARRERA\"}]},{\"@type\":\"WebSite\",\"@id\":\"http:\/\/www.missespolifoniques.com\/#website\",\"url\":\"http:\/\/www.missespolifoniques.com\/\",\"name\":\"Missespolifoniques\",\"description\":\"MISSES POLIF\u00d2NIQUES\",\"potentialAction\":[{\"@type\":\"SearchAction\",\"target\":{\"@type\":\"EntryPoint\",\"urlTemplate\":\"http:\/\/www.missespolifoniques.com\/?s={search_term_string}\"},\"query-input\":\"required name=search_term_string\"}],\"inLanguage\":\"ca\"}]}<\/script>\n<!-- \/ Yoast SEO plugin. -->","yoast_head_json":{"title":"MIREIA BARRERA - Missespolifoniques","robots":{"index":"index","follow":"follow","max-snippet":"max-snippet:-1","max-image-preview":"max-image-preview:large","max-video-preview":"max-video-preview:-1"},"canonical":"http:\/\/www.missespolifoniques.com\/index.php\/2834-2\/","og_locale":"ca_ES","og_type":"article","og_title":"MIREIA BARRERA - Missespolifoniques","og_url":"http:\/\/www.missespolifoniques.com\/index.php\/2834-2\/","og_site_name":"Missespolifoniques","article_modified_time":"2017-10-06T10:06:17+00:00","twitter_card":"summary_large_image","twitter_misc":{"Temps estimat de lectura":"2 minuts"},"schema":{"@context":"https:\/\/schema.org","@graph":[{"@type":"WebPage","@id":"http:\/\/www.missespolifoniques.com\/index.php\/2834-2\/","url":"http:\/\/www.missespolifoniques.com\/index.php\/2834-2\/","name":"MIREIA BARRERA - Missespolifoniques","isPartOf":{"@id":"http:\/\/www.missespolifoniques.com\/#website"},"datePublished":"2017-09-28T10:42:03+00:00","dateModified":"2017-10-06T10:06:17+00:00","breadcrumb":{"@id":"http:\/\/www.missespolifoniques.com\/index.php\/2834-2\/#breadcrumb"},"inLanguage":"ca","potentialAction":[{"@type":"ReadAction","target":["http:\/\/www.missespolifoniques.com\/index.php\/2834-2\/"]}]},{"@type":"BreadcrumbList","@id":"http:\/\/www.missespolifoniques.com\/index.php\/2834-2\/#breadcrumb","itemListElement":[{"@type":"ListItem","position":1,"name":"Portada","item":"http:\/\/www.missespolifoniques.com\/"},{"@type":"ListItem","position":2,"name":"MIREIA BARRERA"}]},{"@type":"WebSite","@id":"http:\/\/www.missespolifoniques.com\/#website","url":"http:\/\/www.missespolifoniques.com\/","name":"Missespolifoniques","description":"MISSES POLIF\u00d2NIQUES","potentialAction":[{"@type":"SearchAction","target":{"@type":"EntryPoint","urlTemplate":"http:\/\/www.missespolifoniques.com\/?s={search_term_string}"},"query-input":"required name=search_term_string"}],"inLanguage":"ca"}]}},"_links":{"self":[{"href":"http:\/\/www.missespolifoniques.com\/index.php\/wp-json\/wp\/v2\/pages\/2834"}],"collection":[{"href":"http:\/\/www.missespolifoniques.com\/index.php\/wp-json\/wp\/v2\/pages"}],"about":[{"href":"http:\/\/www.missespolifoniques.com\/index.php\/wp-json\/wp\/v2\/types\/page"}],"author":[{"embeddable":true,"href":"http:\/\/www.missespolifoniques.com\/index.php\/wp-json\/wp\/v2\/users\/1"}],"replies":[{"embeddable":true,"href":"http:\/\/www.missespolifoniques.com\/index.php\/wp-json\/wp\/v2\/comments?post=2834"}],"version-history":[{"count":8,"href":"http:\/\/www.missespolifoniques.com\/index.php\/wp-json\/wp\/v2\/pages\/2834\/revisions"}],"predecessor-version":[{"id":2909,"href":"http:\/\/www.missespolifoniques.com\/index.php\/wp-json\/wp\/v2\/pages\/2834\/revisions\/2909"}],"wp:attachment":[{"href":"http:\/\/www.missespolifoniques.com\/index.php\/wp-json\/wp\/v2\/media?parent=2834"}],"curies":[{"name":"wp","href":"https:\/\/api.w.org\/{rel}","templated":true}]}}

<section  class="content-section full-width with-col cover custom-padding no-margin    content-section-69f2537922fd0"><div class="row vc_row-fluid"><div class="wpb_column col-md-6"><div  class="full-block align-left" ><img loading="lazy" decoding="async"  src="http://www.missespolifoniques.com/wp-content/uploads/2017/04/bcn_ars_nova06cRicardo-Rios_mireiabarrera.jpg"  width="1772" height="2021" alt="" title="" /></div></div><div class="wpb_column col-md-6"><h3  class="banner-heading font-alt mb-30 mb-xxs-10" >MIREIA BARRERA, directora</h3><div class="section-text text-block " ><p>Ha estat directora titular del Coro Nacional de España, la Capella de Música de Santa Maria del Mar i fins al desembre de 2005 va dirigir el Coro de la Orquesta Ciudad de Granada, del qual n’és fundadora. També ha estat directora convidada i ha col·laborat amb l’Orquesta Nacional de España, Orquestra de Cambra Nacional d’Andorra, l’Orquestra Barroca Catalana, l’Ensemble Residencias, el conjunt BCN216, el Cor de Cambra del Palau de la Música Catalana i el Coro de la RTVE. Des del 1993 és directora del Cor Madrigal de Barcelona.</p>
<p>Va dirigir per primer cop el Coro Nacional de España la temporada 2004-2005 i des del setembre de 2005 fins al juny de 2010 en va ser la seva directora titular. Amb ells va realitzar gires per tota Espanya, a més de per Alemanya, Romania, Àustria i els Estats Units. Va impulsar la creació del Ciclo Coral del Coro Nacional de España a l’Auditorio Nacional de Música de Madrid.</p>
<p>El mes d’octubre del 2012 es va presentar a la Basílica dels Sants Just i Pastor al capdavant de Barcelona Ars Nova, ensemble vocal professional creat a Barcelona en el marc del projecte <em>Misses Polifòniques</em>.</p>
<p>El 2014 la Generalitat de Catalunya li va concedir el Premi Nacional de Cultura.</p>
</div></div></div></section><section  class="content-section full-width with-col cover no-padding no-margin    content-section-69f253792398d"><div class="row vc_row-fluid"><div class="wpb_column col-md-12"><div class="section-text text-block " ><p>Nascuda a Terrassa i formada al Conservatori Municipal de Música de Barcelona, va estudiar a l’Escola Internacional de Cant Coral de Namur (Bèlgica) amb el director de cor i orquestra Pierre Cao. També ha participat en diferents cursos impartits per M. Cabero, E. Ribó i L. Héltay. Paral·lelament, ha realitzat estudis de cant amb M. Dolors Aldea.</p>
<p>Ha col·laborat en nombroses ocasions amb el Gran Teatre del Liceu de Barcelona com assistent del Cor, així com en la preparació de cors i solistes infantils. Ha participat en les produccions de les òperes <em>Brundibár</em> i <em>Eco</em>, en col·laboració amb l&#8217;Institut d&#8217;Educació, de l&#8217;Ajuntament de Barcelona.</p>
<p>En l’àmbit docent, ha estat professora de Direcció Coral a l’Escola Superior de Música de Catalunya (2002-2005). També ha impartit cursos per a la FCEC, així com en diferents ciutats de l’Estat.</p>
<p>Cal destacar el seu interès pel diàleg entre la música i altres disciplines artístiques, el qual l’ha dut a col·laborar amb artistes com Perejaume o les companyies de dansa IT Dansa i Santamaría.</p>
</div></div></div></section>

MIREIA BARRERA, directoraHa estat directora titular del Coro Nacional de España, la Capella de Música de Santa Maria del Mar i fins al desembre de 2005 va dirigir el Coro de la Orquesta Ciudad de Granada, del qual n’és fundadora. També ha estat directora convidada i ha col·laborat amb l’Orquesta Nacional de España, Orquestra de

<!-- This site is optimized with the Yoast SEO plugin v22.6 - https://yoast.com/wordpress/plugins/seo/ -->
<title>MIREIA BARRERA - Missespolifoniques</title>
<meta name="robots" content="index, follow, max-snippet:-1, max-image-preview:large, max-video-preview:-1" />
<link rel="canonical" href="http://www.missespolifoniques.com/index.php/2834-2/" />
<meta property="og:locale" content="ca_ES" />
<meta property="og:type" content="article" />
<meta property="og:title" content="MIREIA BARRERA - Missespolifoniques" />
<meta property="og:url" content="http://www.missespolifoniques.com/index.php/2834-2/" />
<meta property="og:site_name" content="Missespolifoniques" />
<meta property="article:modified_time" content="2017-10-06T10:06:17+00:00" />
<meta name="twitter:card" content="summary_large_image" />
<meta name="twitter:label1" content="Temps estimat de lectura" />
	<meta name="twitter:data1" content="2 minuts" />
<script type="application/ld+json" class="yoast-schema-graph">{"@context":"https://schema.org","@graph":[{"@type":"WebPage","@id":"http://www.missespolifoniques.com/index.php/2834-2/","url":"http://www.missespolifoniques.com/index.php/2834-2/","name":"MIREIA BARRERA - Missespolifoniques","isPartOf":{"@id":"http://www.missespolifoniques.com/#website"},"datePublished":"2017-09-28T10:42:03+00:00","dateModified":"2017-10-06T10:06:17+00:00","breadcrumb":{"@id":"http://www.missespolifoniques.com/index.php/2834-2/#breadcrumb"},"inLanguage":"ca","potentialAction":[{"@type":"ReadAction","target":["http://www.missespolifoniques.com/index.php/2834-2/"]}]},{"@type":"BreadcrumbList","@id":"http://www.missespolifoniques.com/index.php/2834-2/#breadcrumb","itemListElement":[{"@type":"ListItem","position":1,"name":"Portada","item":"http://www.missespolifoniques.com/"},{"@type":"ListItem","position":2,"name":"MIREIA BARRERA"}]},{"@type":"WebSite","@id":"http://www.missespolifoniques.com/#website","url":"http://www.missespolifoniques.com/","name":"Missespolifoniques","description":"MISSES POLIFÒNIQUES","potentialAction":[{"@type":"SearchAction","target":{"@type":"EntryPoint","urlTemplate":"http://www.missespolifoniques.com/?s={search_term_string}"},"query-input":"required name=search_term_string"}],"inLanguage":"ca"}]}</script>
<!-- / Yoast SEO plugin. -->

MISSES POLIFÒNIQUES
