{"id":2823,"date":"2017-04-18T10:06:43","date_gmt":"2017-04-18T10:06:43","guid":{"rendered":"http:\/\/www.missespolifoniques.com\/?page_id=2823"},"modified":"2021-10-26T18:32:06","modified_gmt":"2021-10-26T18:32:06","slug":"temporada-2016-2017","status":"publish","type":"page","link":"http:\/\/www.missespolifoniques.com\/index.php\/temporada-2016-2017\/","title":{"rendered":"TEMPORADA 2018-2019"},"content":{"rendered":"<section  class=\"content-section full-width with-col cover no-padding no-margin    content-section-69f2538108f9a\"><div class=\"row vc_row-fluid\"><div class=\"wpb_column col-md-12\"><div class=\"section-text text-block \" ><p>Diumenge, 11 de novembre de 2018 a les 12.00h<\/p>\n<p>Monestir de Pedralbes<\/p>\n<p><strong>Missa n\u00fam 2 en Sol Major D.167 de Franz Schubert (1797-1828)<\/strong><\/p>\n<p><em>Amb acompanyament d\u2019orgue<\/em><\/p>\n<p>Diumenge, 23 de desembre de 2018 a les 19.00h<\/p>\n<p>Bas\u00edlica de Sant Just<\/p>\n<p><strong>Ofici de Nadal \u2013 Cantata BWV248\/1 <\/strong><em>\u201cJauchzet, frohlocket, auf, preiset die Tage\u201d<\/em><strong> de l\u2019Oratori de Nadal de J.S. Bach (1685-1750)<\/strong><\/p>\n<p><em>Amb la col\u00b7laboraci\u00f3 de l\u2019Orquestra Barroca Catalana<\/em><\/p>\n<p>Diumenge,\u00a024 de febrer de 2019 a les 12.00h<\/p>\n<p>Monestir de Pedralbes<\/p>\n<p><strong>Missa \u201cPrudentes Virgines\u201d d\u2019Alonso Lobo (1555-1617)<\/strong><\/p>\n<p>Diumenge 7 d\u2019abril de 2019 a les 19.00h<\/p>\n<p>Bas\u00edlica de Sant Just<\/p>\n<p>OFICI DE SETMANA SANTA<\/p>\n<p><strong>Lit\u00fargia de la Passi\u00f3, amb la Passi\u00f3 de Francisco Guerrero (1528-1599)<\/strong><\/p>\n<p><strong>i responsoris de Carlo Gesualdo di Venosa (1566-1613)<\/strong><\/p>\n<p>Diumenge, 26 de maig de 2019 a les 12.00h<\/p>\n<p>Monestir de Pedralbes<\/p>\n<p><strong><em>Messe<\/em><\/strong><strong> en sol majeur, FP 89, de Francis Poulenc (1899-1963)<\/strong><\/p>\n<\/div><\/div><\/div><\/section>\n","protected":false},"excerpt":{"rendered":"Diumenge, 11 de novembre de 2018 a les 12.00h Monestir de Pedralbes Missa n\u00fam 2 en Sol Major D.167 de Franz Schubert (1797-1828) Amb acompanyament d\u2019orgue Diumenge, 23 de desembre de 2018 a les 19.00h Bas\u00edlica de Sant Just Ofici de Nadal \u2013 Cantata BWV248\/1 \u201cJauchzet, frohlocket, auf, preiset die Tage\u201d de l\u2019Oratori de Nadal","protected":false},"author":1,"featured_media":0,"parent":0,"menu_order":0,"comment_status":"closed","ping_status":"closed","template":"","meta":{"_acf_changed":false,"_monsterinsights_skip_tracking":false,"_monsterinsights_sitenote_active":false,"_monsterinsights_sitenote_note":"","_monsterinsights_sitenote_category":0,"footnotes":""},"acf":[],"yoast_head":"<!-- This site is optimized with the Yoast SEO plugin v22.6 - https:\/\/yoast.com\/wordpress\/plugins\/seo\/ -->\n<title>TEMPORADA 2018-2019 - Missespolifoniques<\/title>\n<meta name=\"robots\" content=\"index, follow, max-snippet:-1, max-image-preview:large, max-video-preview:-1\" \/>\n<link rel=\"canonical\" href=\"http:\/\/www.missespolifoniques.com\/index.php\/temporada-2016-2017\/\" \/>\n<meta property=\"og:locale\" content=\"ca_ES\" \/>\n<meta property=\"og:type\" content=\"article\" \/>\n<meta property=\"og:title\" content=\"TEMPORADA 2018-2019 - Missespolifoniques\" \/>\n<meta property=\"og:url\" content=\"http:\/\/www.missespolifoniques.com\/index.php\/temporada-2016-2017\/\" \/>\n<meta property=\"og:site_name\" content=\"Missespolifoniques\" \/>\n<meta property=\"article:modified_time\" content=\"2021-10-26T18:32:06+00:00\" \/>\n<meta name=\"twitter:card\" content=\"summary_large_image\" \/>\n<meta name=\"twitter:label1\" content=\"Temps estimat de lectura\" \/>\n\t<meta name=\"twitter:data1\" content=\"1 minut\" \/>\n<script type=\"application\/ld+json\" class=\"yoast-schema-graph\">{\"@context\":\"https:\/\/schema.org\",\"@graph\":[{\"@type\":\"WebPage\",\"@id\":\"http:\/\/www.missespolifoniques.com\/index.php\/temporada-2016-2017\/\",\"url\":\"http:\/\/www.missespolifoniques.com\/index.php\/temporada-2016-2017\/\",\"name\":\"TEMPORADA 2018-2019 - Missespolifoniques\",\"isPartOf\":{\"@id\":\"http:\/\/www.missespolifoniques.com\/#website\"},\"datePublished\":\"2017-04-18T10:06:43+00:00\",\"dateModified\":\"2021-10-26T18:32:06+00:00\",\"breadcrumb\":{\"@id\":\"http:\/\/www.missespolifoniques.com\/index.php\/temporada-2016-2017\/#breadcrumb\"},\"inLanguage\":\"ca\",\"potentialAction\":[{\"@type\":\"ReadAction\",\"target\":[\"http:\/\/www.missespolifoniques.com\/index.php\/temporada-2016-2017\/\"]}]},{\"@type\":\"BreadcrumbList\",\"@id\":\"http:\/\/www.missespolifoniques.com\/index.php\/temporada-2016-2017\/#breadcrumb\",\"itemListElement\":[{\"@type\":\"ListItem\",\"position\":1,\"name\":\"Portada\",\"item\":\"http:\/\/www.missespolifoniques.com\/\"},{\"@type\":\"ListItem\",\"position\":2,\"name\":\"TEMPORADA 2018-2019\"}]},{\"@type\":\"WebSite\",\"@id\":\"http:\/\/www.missespolifoniques.com\/#website\",\"url\":\"http:\/\/www.missespolifoniques.com\/\",\"name\":\"Missespolifoniques\",\"description\":\"MISSES POLIF\u00d2NIQUES\",\"potentialAction\":[{\"@type\":\"SearchAction\",\"target\":{\"@type\":\"EntryPoint\",\"urlTemplate\":\"http:\/\/www.missespolifoniques.com\/?s={search_term_string}\"},\"query-input\":\"required name=search_term_string\"}],\"inLanguage\":\"ca\"}]}<\/script>\n<!-- \/ Yoast SEO plugin. -->","yoast_head_json":{"title":"TEMPORADA 2018-2019 - Missespolifoniques","robots":{"index":"index","follow":"follow","max-snippet":"max-snippet:-1","max-image-preview":"max-image-preview:large","max-video-preview":"max-video-preview:-1"},"canonical":"http:\/\/www.missespolifoniques.com\/index.php\/temporada-2016-2017\/","og_locale":"ca_ES","og_type":"article","og_title":"TEMPORADA 2018-2019 - Missespolifoniques","og_url":"http:\/\/www.missespolifoniques.com\/index.php\/temporada-2016-2017\/","og_site_name":"Missespolifoniques","article_modified_time":"2021-10-26T18:32:06+00:00","twitter_card":"summary_large_image","twitter_misc":{"Temps estimat de lectura":"1 minut"},"schema":{"@context":"https:\/\/schema.org","@graph":[{"@type":"WebPage","@id":"http:\/\/www.missespolifoniques.com\/index.php\/temporada-2016-2017\/","url":"http:\/\/www.missespolifoniques.com\/index.php\/temporada-2016-2017\/","name":"TEMPORADA 2018-2019 - Missespolifoniques","isPartOf":{"@id":"http:\/\/www.missespolifoniques.com\/#website"},"datePublished":"2017-04-18T10:06:43+00:00","dateModified":"2021-10-26T18:32:06+00:00","breadcrumb":{"@id":"http:\/\/www.missespolifoniques.com\/index.php\/temporada-2016-2017\/#breadcrumb"},"inLanguage":"ca","potentialAction":[{"@type":"ReadAction","target":["http:\/\/www.missespolifoniques.com\/index.php\/temporada-2016-2017\/"]}]},{"@type":"BreadcrumbList","@id":"http:\/\/www.missespolifoniques.com\/index.php\/temporada-2016-2017\/#breadcrumb","itemListElement":[{"@type":"ListItem","position":1,"name":"Portada","item":"http:\/\/www.missespolifoniques.com\/"},{"@type":"ListItem","position":2,"name":"TEMPORADA 2018-2019"}]},{"@type":"WebSite","@id":"http:\/\/www.missespolifoniques.com\/#website","url":"http:\/\/www.missespolifoniques.com\/","name":"Missespolifoniques","description":"MISSES POLIF\u00d2NIQUES","potentialAction":[{"@type":"SearchAction","target":{"@type":"EntryPoint","urlTemplate":"http:\/\/www.missespolifoniques.com\/?s={search_term_string}"},"query-input":"required name=search_term_string"}],"inLanguage":"ca"}]}},"_links":{"self":[{"href":"http:\/\/www.missespolifoniques.com\/index.php\/wp-json\/wp\/v2\/pages\/2823"}],"collection":[{"href":"http:\/\/www.missespolifoniques.com\/index.php\/wp-json\/wp\/v2\/pages"}],"about":[{"href":"http:\/\/www.missespolifoniques.com\/index.php\/wp-json\/wp\/v2\/types\/page"}],"author":[{"embeddable":true,"href":"http:\/\/www.missespolifoniques.com\/index.php\/wp-json\/wp\/v2\/users\/1"}],"replies":[{"embeddable":true,"href":"http:\/\/www.missespolifoniques.com\/index.php\/wp-json\/wp\/v2\/comments?post=2823"}],"version-history":[{"count":8,"href":"http:\/\/www.missespolifoniques.com\/index.php\/wp-json\/wp\/v2\/pages\/2823\/revisions"}],"predecessor-version":[{"id":3315,"href":"http:\/\/www.missespolifoniques.com\/index.php\/wp-json\/wp\/v2\/pages\/2823\/revisions\/3315"}],"wp:attachment":[{"href":"http:\/\/www.missespolifoniques.com\/index.php\/wp-json\/wp\/v2\/media?parent=2823"}],"curies":[{"name":"wp","href":"https:\/\/api.w.org\/{rel}","templated":true}]}}

<section  class="content-section full-width with-col cover no-padding no-margin    content-section-69f2538108f9a"><div class="row vc_row-fluid"><div class="wpb_column col-md-12"><div class="section-text text-block " ><p>Diumenge, 11 de novembre de 2018 a les 12.00h</p>
<p>Monestir de Pedralbes</p>
<p><strong>Missa núm 2 en Sol Major D.167 de Franz Schubert (1797-1828)</strong></p>
<p><em>Amb acompanyament d’orgue</em></p>
<p>Diumenge, 23 de desembre de 2018 a les 19.00h</p>
<p>Basílica de Sant Just</p>
<p><strong>Ofici de Nadal – Cantata BWV248/1 </strong><em>“Jauchzet, frohlocket, auf, preiset die Tage”</em><strong> de l’Oratori de Nadal de J.S. Bach (1685-1750)</strong></p>
<p><em>Amb la col·laboració de l’Orquestra Barroca Catalana</em></p>
<p>Diumenge, 24 de febrer de 2019 a les 12.00h</p>
<p>Monestir de Pedralbes</p>
<p><strong>Missa “Prudentes Virgines” d’Alonso Lobo (1555-1617)</strong></p>
<p>Diumenge 7 d’abril de 2019 a les 19.00h</p>
<p>Basílica de Sant Just</p>
<p>OFICI DE SETMANA SANTA</p>
<p><strong>Litúrgia de la Passió, amb la Passió de Francisco Guerrero (1528-1599)</strong></p>
<p><strong>i responsoris de Carlo Gesualdo di Venosa (1566-1613)</strong></p>
<p>Diumenge, 26 de maig de 2019 a les 12.00h</p>
<p>Monestir de Pedralbes</p>
<p><strong><em>Messe</em></strong><strong> en sol majeur, FP 89, de Francis Poulenc (1899-1963)</strong></p>
</div></div></div></section>

Diumenge, 11 de novembre de 2018 a les 12.00h Monestir de Pedralbes Missa núm 2 en Sol Major D.167 de Franz Schubert (1797-1828) Amb acompanyament d’orgue Diumenge, 23 de desembre de 2018 a les 19.00h Basílica de Sant Just Ofici de Nadal – Cantata BWV248/1 “Jauchzet, frohlocket, auf, preiset die Tage” de l’Oratori de Nadal

<!-- This site is optimized with the Yoast SEO plugin v22.6 - https://yoast.com/wordpress/plugins/seo/ -->
<title>TEMPORADA 2018-2019 - Missespolifoniques</title>
<meta name="robots" content="index, follow, max-snippet:-1, max-image-preview:large, max-video-preview:-1" />
<link rel="canonical" href="http://www.missespolifoniques.com/index.php/temporada-2016-2017/" />
<meta property="og:locale" content="ca_ES" />
<meta property="og:type" content="article" />
<meta property="og:title" content="TEMPORADA 2018-2019 - Missespolifoniques" />
<meta property="og:url" content="http://www.missespolifoniques.com/index.php/temporada-2016-2017/" />
<meta property="og:site_name" content="Missespolifoniques" />
<meta property="article:modified_time" content="2021-10-26T18:32:06+00:00" />
<meta name="twitter:card" content="summary_large_image" />
<meta name="twitter:label1" content="Temps estimat de lectura" />
	<meta name="twitter:data1" content="1 minut" />
<script type="application/ld+json" class="yoast-schema-graph">{"@context":"https://schema.org","@graph":[{"@type":"WebPage","@id":"http://www.missespolifoniques.com/index.php/temporada-2016-2017/","url":"http://www.missespolifoniques.com/index.php/temporada-2016-2017/","name":"TEMPORADA 2018-2019 - Missespolifoniques","isPartOf":{"@id":"http://www.missespolifoniques.com/#website"},"datePublished":"2017-04-18T10:06:43+00:00","dateModified":"2021-10-26T18:32:06+00:00","breadcrumb":{"@id":"http://www.missespolifoniques.com/index.php/temporada-2016-2017/#breadcrumb"},"inLanguage":"ca","potentialAction":[{"@type":"ReadAction","target":["http://www.missespolifoniques.com/index.php/temporada-2016-2017/"]}]},{"@type":"BreadcrumbList","@id":"http://www.missespolifoniques.com/index.php/temporada-2016-2017/#breadcrumb","itemListElement":[{"@type":"ListItem","position":1,"name":"Portada","item":"http://www.missespolifoniques.com/"},{"@type":"ListItem","position":2,"name":"TEMPORADA 2018-2019"}]},{"@type":"WebSite","@id":"http://www.missespolifoniques.com/#website","url":"http://www.missespolifoniques.com/","name":"Missespolifoniques","description":"MISSES POLIFÒNIQUES","potentialAction":[{"@type":"SearchAction","target":{"@type":"EntryPoint","urlTemplate":"http://www.missespolifoniques.com/?s={search_term_string}"},"query-input":"required name=search_term_string"}],"inLanguage":"ca"}]}</script>
<!-- / Yoast SEO plugin. -->

MISSES POLIFÒNIQUES
