{"id":2749,"date":"2017-04-06T10:10:02","date_gmt":"2017-04-06T10:10:02","guid":{"rendered":"http:\/\/www.missespolifoniques.com\/?page_id=2749"},"modified":"2018-10-25T13:17:39","modified_gmt":"2018-10-25T13:17:39","slug":"barcelona-ars-nova","status":"publish","type":"page","link":"http:\/\/www.missespolifoniques.com\/index.php\/barcelona-ars-nova\/","title":{"rendered":"BARCELONA ARS NOVA"},"content":{"rendered":"<section  class=\"content-section full-width with-col cover custom-padding no-margin    content-section-6a0625b9882a6\"><div class=\"row vc_row-fluid\"><div class=\"wpb_column col-md-12 col-sm-6\"><h3  class=\"banner-heading font-alt mb-30 mb-xxs-10\" >BARCELONA ARS NOVA<\/h3><div class=\"section-text text-block \" ><p><strong>Barcelona Ars Nova<\/strong> \u00e9s un ensemble vocal liderat per Mireia Barrera i format per cantants solistes que col\u00b7laboren habitualment amb els conjunts m\u00e9s prestigiosos d\u2019arreu d\u2019Europa, com el Collegium Vocale Gent, Huelgas Ensemble, Capella Reial de Catalunya i Hesperion XXI, Graindelavoix, Pygmalion, Ensemble Organum, Les Arts Florissants, La Colombina o Al Ayre Espa\u00f1ol, entre d\u2019altres.<\/p>\n<\/div><\/div><\/div><\/section><section  class=\"content-section full-width with-col cover pt-70 pb-70 pt-xs-50 pb-xs-50 no-margin    content-section-6a0625b988535\"><div class=\"row vc_row-fluid\"><div class=\"wpb_column col-md-6\"><h3  class=\"banner-heading font-alt mb-30 mb-xxs-10\" >QUI SOM<\/h3><div class=\"section-text text-block \" ><p><strong>Barcelona Ars Nova<\/strong> neix l\u2019octubre del 2012 dins del projecte de les <em>Misses Polif\u00f2niques a Barcelona<\/em>, iniciativa d\u2019un grup d\u2019amics d\u2019organitzar a Barcelona una temporada d\u2019audicions de m\u00fasica lit\u00fargica interpretada en esgl\u00e9sies i en el marc de les cerim\u00f2nies per a les quals van ser creades. De cara a garantir la m\u00e0xima qualitat de les interpretacions, el projecte va impulsar la creaci\u00f3 d\u2019un conjunt vocal propi. Enguany les <em>Misses Polif\u00f2niques a Barcelona<\/em> han assolit la seva setena temporada.<\/p>\n<\/div><\/div><div class=\"wpb_column col-md-6\"><div  class=\"clear rs-space\" style=\"height:50px;\"><\/div><div class=\"section-text text-block \" ><p>Des de la seva creaci\u00f3 <strong>Barcelona Ars Nova<\/strong> ha interpretat un repertori centrat en la polifonia religiosa dels segles XV al XVII de les escoles Franco-Flamenca (Ockeghem i Lassus), Espanyola (Morales, Guerrero i Victoria) i de compositors italians (Palestrina i Monteverdi). Addicionalment ha interpretat les <em>Misses Brevis BWV234<\/em> i <em>235<\/em> i diverses cantats de Johann Sebastian Bach, la <em>Missa<\/em> d\u2019Igor Stravinsky i la <em>Missa Sancti Joannis de Deo<\/em> de Joseph Haydn.<\/p>\n<\/div><\/div><\/div><\/section><section  class=\"content-section full-width with-col cover no-padding no-margin    content-section-6a0625b988867\"><div class=\"row vc_row-fluid\"><div class=\"wpb_column col-md-12\"><div class=\"section-text text-block \" ><p>El novembre del 2015 <strong>Barcelona Ars Nova<\/strong> va viatjar a Navarra per participar en una Missa Polif\u00f2nica a l\u2019Esgl\u00e9sia de San Esteban del Se\u00f1or\u00edo de Otazu. L\u2019estiu del 2016 es va presentar per primer cop en concert, en una gira d\u2019actuacions per importants monestirs rom\u00e0nics de Catalunya, com el de Santa Maria de Pedralbes de Barcelona, Sant Daniel de Girona, Poblet i Santa Maria de Ripoll. M\u00e9s recentment ha participat al Festival Internacional d&#8217;Orgue de Montserrat, amb un programa de Cantates de Bach.<\/p>\n<p>Per a la seva activitat, <strong>Barcelona Ars Nova<\/strong> compta amb el suport econ\u00f2mic de diverses empreses i de particulars que col\u00b7laboren amb l\u2019Associaci\u00f3 Amics de les Misses Polif\u00f2niques.<\/p>\n<\/div><hr  class=\"ts-divider\" style=\"margin-top:20px;margin-bottom:20px;\"><\/div><\/div><\/section><section  class=\"content-section full-width with-col cover pb-140 pb-xs-70 no-margin    content-section-6a0625b988ab4\"><div class=\"row vc_row-fluid\"><div class=\"wpb_column col-md-6\"><div  class=\"full-block align-left\" ><img loading=\"lazy\" decoding=\"async\"  src=\"http:\/\/www.missespolifoniques.com\/wp-content\/uploads\/2017\/04\/bcn_ars_nova06cRicardo-Rios_mireiabarrera.jpg\"  width=\"1772\" height=\"2021\" alt=\"\" title=\"\" \/><\/div><\/div><div class=\"wpb_column col-md-6\"><h3  class=\"banner-heading font-alt mb-30 mb-xxs-10\" >MIREIA BARRERA, directora<\/h3><div class=\"section-text text-block \" ><p>Ha estat directora titular del Coro Nacional de Espa\u00f1a, la Capella de M\u00fasica de Santa Maria del Mar i fins al desembre de 2005 va dirigir el Coro de la Orquesta Ciudad de Granada, del qual n\u2019\u00e9s fundadora. Tamb\u00e9 ha estat directora convidada i ha col\u00b7laborat amb l\u2019Orquesta Nacional de Espa\u00f1a, Orquestra de Cambra Nacional d\u2019Andorra, l\u2019Orquestra Barroca Catalana, l\u2019Ensemble Residencias, el conjunt BCN216, el Cor de Cambra del Palau de la M\u00fasica Catalana i el Coro de la RTVE. Des del 1993 \u00e9s directora del Cor Madrigal de Barcelona.<\/p>\n<p>Va dirigir per primer cop el Coro Nacional de Espa\u00f1a la temporada 2004-2005, dins del cicle \u201cCarta Blanca a Hans Werner Henze\u201d, i des del setembre de 2005 fins al juny de 2010 en va ser la seva directora titular. Amb ells ha realitzat gires per tota Espanya, a m\u00e9s de per Alemanya, Romania, Austria i els Estats Units. Va impulsar la creaci\u00f3 del Ciclo Coral del Coro Nacional de Espa\u00f1a a l\u2019Auditorio Nacional de M\u00fasica de Madrid.<\/p>\n<p>L\u2019octubre del 2012 es va presentar a la Bas\u00edlica dels Sants Just i Pastor al capdavant de Barcelona Ars Nova, ensemble vocal professional creat a Barcelona en el marc del projecte <em>Misses Polif\u00f2niques<\/em>.<\/p>\n<p>El 2014 se li ha concedit el Premi Nacional de Cultura de la Generalitat de Catalunya.<\/p>\n<\/div><\/div><\/div><\/section>\n","protected":false},"excerpt":{"rendered":"BARCELONA ARS NOVABarcelona Ars Nova \u00e9s un ensemble vocal liderat per Mireia Barrera i format per cantants solistes que col\u00b7laboren habitualment amb els conjunts m\u00e9s prestigiosos d\u2019arreu d\u2019Europa, com el Collegium Vocale Gent, Huelgas Ensemble, Capella Reial de Catalunya i Hesperion XXI, Graindelavoix, Pygmalion, Ensemble Organum, Les Arts Florissants, La Colombina o Al Ayre Espa\u00f1ol,","protected":false},"author":1,"featured_media":0,"parent":0,"menu_order":0,"comment_status":"closed","ping_status":"closed","template":"","meta":{"_acf_changed":false,"_monsterinsights_skip_tracking":false,"_monsterinsights_sitenote_active":false,"_monsterinsights_sitenote_note":"","_monsterinsights_sitenote_category":0,"footnotes":""},"acf":[],"yoast_head":"<!-- This site is optimized with the Yoast SEO plugin v22.6 - https:\/\/yoast.com\/wordpress\/plugins\/seo\/ -->\n<title>BARCELONA ARS NOVA - Missespolifoniques<\/title>\n<meta name=\"robots\" content=\"index, follow, max-snippet:-1, max-image-preview:large, max-video-preview:-1\" \/>\n<link rel=\"canonical\" href=\"http:\/\/www.missespolifoniques.com\/index.php\/barcelona-ars-nova\/\" \/>\n<meta property=\"og:locale\" content=\"ca_ES\" \/>\n<meta property=\"og:type\" content=\"article\" \/>\n<meta property=\"og:title\" content=\"BARCELONA ARS NOVA - Missespolifoniques\" \/>\n<meta property=\"og:url\" content=\"http:\/\/www.missespolifoniques.com\/index.php\/barcelona-ars-nova\/\" \/>\n<meta property=\"og:site_name\" content=\"Missespolifoniques\" \/>\n<meta property=\"article:modified_time\" content=\"2018-10-25T13:17:39+00:00\" \/>\n<meta name=\"twitter:card\" content=\"summary_large_image\" \/>\n<meta name=\"twitter:label1\" content=\"Temps estimat de lectura\" \/>\n\t<meta name=\"twitter:data1\" content=\"3 minuts\" \/>\n<script type=\"application\/ld+json\" class=\"yoast-schema-graph\">{\"@context\":\"https:\/\/schema.org\",\"@graph\":[{\"@type\":\"WebPage\",\"@id\":\"http:\/\/www.missespolifoniques.com\/index.php\/barcelona-ars-nova\/\",\"url\":\"http:\/\/www.missespolifoniques.com\/index.php\/barcelona-ars-nova\/\",\"name\":\"BARCELONA ARS NOVA - Missespolifoniques\",\"isPartOf\":{\"@id\":\"http:\/\/www.missespolifoniques.com\/#website\"},\"datePublished\":\"2017-04-06T10:10:02+00:00\",\"dateModified\":\"2018-10-25T13:17:39+00:00\",\"breadcrumb\":{\"@id\":\"http:\/\/www.missespolifoniques.com\/index.php\/barcelona-ars-nova\/#breadcrumb\"},\"inLanguage\":\"ca\",\"potentialAction\":[{\"@type\":\"ReadAction\",\"target\":[\"http:\/\/www.missespolifoniques.com\/index.php\/barcelona-ars-nova\/\"]}]},{\"@type\":\"BreadcrumbList\",\"@id\":\"http:\/\/www.missespolifoniques.com\/index.php\/barcelona-ars-nova\/#breadcrumb\",\"itemListElement\":[{\"@type\":\"ListItem\",\"position\":1,\"name\":\"Portada\",\"item\":\"http:\/\/www.missespolifoniques.com\/\"},{\"@type\":\"ListItem\",\"position\":2,\"name\":\"BARCELONA ARS NOVA\"}]},{\"@type\":\"WebSite\",\"@id\":\"http:\/\/www.missespolifoniques.com\/#website\",\"url\":\"http:\/\/www.missespolifoniques.com\/\",\"name\":\"Missespolifoniques\",\"description\":\"MISSES POLIF\u00d2NIQUES\",\"potentialAction\":[{\"@type\":\"SearchAction\",\"target\":{\"@type\":\"EntryPoint\",\"urlTemplate\":\"http:\/\/www.missespolifoniques.com\/?s={search_term_string}\"},\"query-input\":\"required name=search_term_string\"}],\"inLanguage\":\"ca\"}]}<\/script>\n<!-- \/ Yoast SEO plugin. -->","yoast_head_json":{"title":"BARCELONA ARS NOVA - Missespolifoniques","robots":{"index":"index","follow":"follow","max-snippet":"max-snippet:-1","max-image-preview":"max-image-preview:large","max-video-preview":"max-video-preview:-1"},"canonical":"http:\/\/www.missespolifoniques.com\/index.php\/barcelona-ars-nova\/","og_locale":"ca_ES","og_type":"article","og_title":"BARCELONA ARS NOVA - Missespolifoniques","og_url":"http:\/\/www.missespolifoniques.com\/index.php\/barcelona-ars-nova\/","og_site_name":"Missespolifoniques","article_modified_time":"2018-10-25T13:17:39+00:00","twitter_card":"summary_large_image","twitter_misc":{"Temps estimat de lectura":"3 minuts"},"schema":{"@context":"https:\/\/schema.org","@graph":[{"@type":"WebPage","@id":"http:\/\/www.missespolifoniques.com\/index.php\/barcelona-ars-nova\/","url":"http:\/\/www.missespolifoniques.com\/index.php\/barcelona-ars-nova\/","name":"BARCELONA ARS NOVA - Missespolifoniques","isPartOf":{"@id":"http:\/\/www.missespolifoniques.com\/#website"},"datePublished":"2017-04-06T10:10:02+00:00","dateModified":"2018-10-25T13:17:39+00:00","breadcrumb":{"@id":"http:\/\/www.missespolifoniques.com\/index.php\/barcelona-ars-nova\/#breadcrumb"},"inLanguage":"ca","potentialAction":[{"@type":"ReadAction","target":["http:\/\/www.missespolifoniques.com\/index.php\/barcelona-ars-nova\/"]}]},{"@type":"BreadcrumbList","@id":"http:\/\/www.missespolifoniques.com\/index.php\/barcelona-ars-nova\/#breadcrumb","itemListElement":[{"@type":"ListItem","position":1,"name":"Portada","item":"http:\/\/www.missespolifoniques.com\/"},{"@type":"ListItem","position":2,"name":"BARCELONA ARS NOVA"}]},{"@type":"WebSite","@id":"http:\/\/www.missespolifoniques.com\/#website","url":"http:\/\/www.missespolifoniques.com\/","name":"Missespolifoniques","description":"MISSES POLIF\u00d2NIQUES","potentialAction":[{"@type":"SearchAction","target":{"@type":"EntryPoint","urlTemplate":"http:\/\/www.missespolifoniques.com\/?s={search_term_string}"},"query-input":"required name=search_term_string"}],"inLanguage":"ca"}]}},"_links":{"self":[{"href":"http:\/\/www.missespolifoniques.com\/index.php\/wp-json\/wp\/v2\/pages\/2749"}],"collection":[{"href":"http:\/\/www.missespolifoniques.com\/index.php\/wp-json\/wp\/v2\/pages"}],"about":[{"href":"http:\/\/www.missespolifoniques.com\/index.php\/wp-json\/wp\/v2\/types\/page"}],"author":[{"embeddable":true,"href":"http:\/\/www.missespolifoniques.com\/index.php\/wp-json\/wp\/v2\/users\/1"}],"replies":[{"embeddable":true,"href":"http:\/\/www.missespolifoniques.com\/index.php\/wp-json\/wp\/v2\/comments?post=2749"}],"version-history":[{"count":18,"href":"http:\/\/www.missespolifoniques.com\/index.php\/wp-json\/wp\/v2\/pages\/2749\/revisions"}],"predecessor-version":[{"id":3067,"href":"http:\/\/www.missespolifoniques.com\/index.php\/wp-json\/wp\/v2\/pages\/2749\/revisions\/3067"}],"wp:attachment":[{"href":"http:\/\/www.missespolifoniques.com\/index.php\/wp-json\/wp\/v2\/media?parent=2749"}],"curies":[{"name":"wp","href":"https:\/\/api.w.org\/{rel}","templated":true}]}}